{"id":158,"date":"2022-11-24T11:09:11","date_gmt":"2022-11-24T10:09:11","guid":{"rendered":"https:\/\/barroco2006.com\/?page_id=158"},"modified":"2022-11-24T12:10:49","modified_gmt":"2022-11-24T11:10:49","slug":"privacidad-legal-y-cookies","status":"publish","type":"page","link":"https:\/\/barroco2006.com\/index.php\/privacidad-legal-y-cookies\/","title":{"rendered":"PRIVACIDAD, LEGAL Y COOKIES"},"content":{"rendered":"<p>[et_pb_section fb_built=\u00bb1&#8243; _builder_version=\u00bb4.18.0&#8243; _module_preset=\u00bbdefault\u00bb background_color=\u00bbgcid-749af36d-52e7-42cd-b203-e1316475623e\u00bb global_colors_info=\u00bb{%22gcid-749af36d-52e7-42cd-b203-e1316475623e%22:%91%22background_color%22%93}\u00bb][et_pb_row column_structure=\u00bb3_5,2_5&#8243; use_custom_gutter=\u00bbon\u00bb gutter_width=\u00bb2&#8243; _builder_version=\u00bb4.18.0&#8243; _module_preset=\u00bbdefault\u00bb max_width=\u00bb1466px\u00bb global_colors_info=\u00bb{}\u00bb][et_pb_column type=\u00bb3_5&#8243; _builder_version=\u00bb4.18.0&#8243; _module_preset=\u00bbdefault\u00bb global_colors_info=\u00bb{}\u00bb][et_pb_text _builder_version=\u00bb4.18.0&#8243; _module_preset=\u00bbdefault\u00bb header_font_size=\u00bb25px\u00bb header_line_height=\u00bb1.3em\u00bb global_colors_info=\u00bb{}\u00bb]<\/p>\n<h1><strong>AVISO LEGAL Y CL\u00c1USULAS DE PRIVACIDAD<\/strong><\/h1>\n<h1>1. DATOS IDENTIFICATIVOS<\/h1>\n<p>En cumplimiento con el deber de informaci\u00f3n recogido en el art\u00edculo 10 de la ley 34\/2002, del 11 de julio de servicios de la Sociedad de la Informaci\u00f3n y Comercio Electr\u00f3nico (LSSICE) se exponen a continuaci\u00f3n los datos identificativos de la empresa titular del dominio web<strong>, <\/strong>BARROCO 2006 S.L.<strong>, <\/strong>con CIF B84669860 y domicilio, GRANADA 22, 28914 LEGAN\u00c9S MADRID.<\/p>\n<h1>2. USUARIOS<\/h1>\n<p>El acceso y\/o uso de este portal <strong>BARROCO 2006 S.L. <\/strong>creadora del sitio web atribuye la condici\u00f3n de USUARIO, que acepta, desde dicho acceso y\/o uso, las Condiciones Generales de Uso aqu\u00ed reflejadas. Las citadas condiciones ser\u00e1n de aplicaci\u00f3n independiente de las Condiciones Generales de Contrataci\u00f3n que en su caso resulten de obligado cumplimiento.<\/p>\n<h1>3. USO DEL PORTAL<\/h1>\n<p><em><a href=\"https:\/\/barroco2006.com\/\">https:\/\/barroco2006.com\/<\/a> <\/em>proporciona el acceso a multitud de informaciones, servicios o datos (en adelante \u201clos contenidos\u201d) en Internet pertenecientes a: <strong>BARROCO 2006 S.L. <\/strong>. El USUARIO asume la responsabilidad del uso del portal. Dicha responsabilidad se extiende al registro que fuese necesario para acceder a determinados servicios o contenidos. En dicho registro el USUARIO ser\u00e1 responsable de aportar informaci\u00f3n veraz y l\u00edcita. Como consecuencia de este registro al USUARIO se le puede proporcionar una contrase\u00f1a de la que ser\u00e1 responsable, comprometi\u00e9ndose a hacer un uso diligente y confidencial de la misma. El USUARIO se compromete a hacer un uso adecuado de los contenidos y servicios que : <strong>BARROCO 2006 S.L. <\/strong>, ofrece a trav\u00e9s de su portal y con car\u00e1cter enunciativo pero no limitativo, a no emplearlas\u00a0 para (i) incurrir en actividades il\u00edcitas, ilegales o contrarias a la buena fe y al orden p\u00fablico; (ii) difundir contenidos o propaganda de car\u00e1cter racista, xen\u00f3fobo, pornogr\u00e1fico-ilegal, de apolog\u00eda del terrorismo o atentado contra los derechos humanos; (iii) provocar da\u00f1os en los sistemas f\u00edsicos y l\u00f3gicos en <strong>BARROCO 2006 S.L. <\/strong>, de sus proveedores o terceras personas, introducir o difundir en la red virus inform\u00e1ticos o cualesquiera otros sistemas f\u00edsicos o l\u00f3gicos que sean susceptibles de provocar los da\u00f1os anteriormente mencionados;(iv) intentar acceder y en su caso, utilizar las cuentas de correo electr\u00f3nico de otros usuarios y modificar o manipular sus mensajes<strong> BARROCO 2006 S.L. <\/strong>se reserva el derecho de retirar todos aquellos comentarios y aportaciones que vulneren el respeto a la dignidad de la persona, que sean discriminatorios, xen\u00f3fobos, racistas, pornogr\u00e1ficos, que atenten contra la juventud o la infancia, el orden o la seguridad p\u00fablica o que, a su juicio no resultaran adecuados para su publicaci\u00f3n. En cualquier <strong>BARROCO 2006 S.L. <\/strong>no ser\u00e1 responsable de las opiniones vertidas por los usuarios a trav\u00e9s de foros, chats u otras herramientas de participaci\u00f3n.<\/p>\n<h1>4. PROTECCI\u00d3N DE DATOS<\/h1>\n<p><strong>BARROCO 2006 S.L. <\/strong>cumple con las directrices\u00a0del Reglamento Europeo de Protecci\u00f3n de Datos de Car\u00e1cter Personal, y dem\u00e1s normativa vigente en cada momento, y vela por garantizar un correcto uso y tratamiento de los datos personales del usuario, as\u00ed como la seguridad de los mismos. Para ello, junto a cada formulario de recabo de datos de car\u00e1cter personal, en los servicios que el usuario pueda solicitar a <strong>BARROCO 2006 S.L. , <\/strong>har\u00e1 saber al usuario de la existencia y aceptaci\u00f3n de las condiciones particulares del tratamiento de sus datos en cada caso, inform\u00e1ndole de la responsabilidad del fichero creado, la direcci\u00f3n del responsable, la posibilidad de ejercer sus derechos de portabilidad, oposici\u00f3n, limitaci\u00f3n, informaci\u00f3n, acceso, rectificaci\u00f3n, supresi\u00f3n y oposici\u00f3n, la finalidad del tratamiento y las comunicaciones de datos a terceros en su caso. Asimismo, <strong>BARROCO 2006 S.L. <\/strong>informa que da cumplimiento a la ley 34\/2002 de 11 de julio, de Servicios de la Sociedad de Informaci\u00f3n y el Comercio Electr\u00f3nico y le solicitar\u00e1 su consentimiento al tratamiento de su correo electr\u00f3nico con fines comerciales en cada momento.<\/p>\n<h1>5. PROPIEDAD INTELECTUAL E INDUSTRIAL<\/h1>\n<p><strong>BARROCO 2006 S.L.<\/strong>, por si o como concesionaria, es titular de todos los derechos de propiedad intelectual e industrial de su p\u00e1gina web, as\u00ed como de los elementos contenidos en la misma, titularidad <strong>BARROCO 2006 S.L. <\/strong>o bien de sus licenciantes. Todos los derechos reservados. En virtud de lo dispuesto en los art\u00edculos 8 y 32.1, p\u00e1rrafo segundo, de la Ley de Propiedad Intelectual, quedan expresamente prohibidas la reproducci\u00f3n, distribuci\u00f3n, y la comunicaci\u00f3n p\u00fablica, incluida su modalidad de puesta a disposici\u00f3n, de la totalidad o parte de los contenidos de esta p\u00e1gina web, con fines comerciales, en cualquier soporte y por cualquier medio t\u00e9cnico, sin la autorizaci\u00f3n de\u00a0<strong>BARROCO 2006 S.L. <\/strong>El USUARIO se compromete a respetar los derechos de Propiedad Intelectual e Industrial de\u00a0<strong>BARROCO 2006 S.L. <\/strong>Podr\u00e1 visualizar los elementos del portal e incluso imprimirlos, copiarlos y almacenarlos en el disco duro de su ordenador o en cualquier otro soporte f\u00edsico siempre y cuando sea, \u00fanica y exclusivamente para su uso personal y privado. El USUARIO deber\u00e1 abstenerse de suprimir, alterar, eludir o manipular cualquier dispositivo de protecci\u00f3n o sistema de seguridad que estuviera instalado en las p\u00e1ginas de\u00a0<strong>BARROCO 2006 S.L. <\/strong><\/p>\n<h1>6. EXCLUSI\u00d3N DE GARANT\u00cdAS Y RESPONSABILIDAD<\/h1>\n<p><strong>BARROCO 2006 S.L. <\/strong>no se hace responsable, en ning\u00fan caso, de los da\u00f1os y perjuicios de cualquier naturaleza que pudieran ocasionar, a t\u00edtulo enunciativo: errores u omisiones en los contenidos, falta de disponibilidad del portal o la transmisi\u00f3n de virus o programas maliciosos o lesivos en los contenidos, a pesar de haber adoptado todas las medidas tecnol\u00f3gicas necesarias para evitarlo.<\/p>\n<h1>7. MODIFICACIONES<\/h1>\n<p><strong>BARROCO 2006 S.L. <\/strong>se reserva el derecho de efectuar sin previo aviso las modificaciones que considere oportunas en su portal, pudiendo cambiar, suprimir o a\u00f1adir tanto los contenidos como los servicios que se presten a trav\u00e9s de la misma como la forma en la que estos aparezcan presentados o localizados en su portal.<\/p>\n<h1>8. ENLACES<\/h1>\n<p>En el caso de que en <strong>BARROCO 2006 S.L. <\/strong>se dispusiesen enlaces o hiperv\u00ednculos hacia otros sitios de Internet<strong> BARROCO 2006 S.L. <\/strong>no ejercer\u00e1 ning\u00fan tipo de control sobre dichos sitios o contenidos. En ning\u00fan caso <strong>BARROCO 2006 S.L. <\/strong>asumir\u00e1 responsabilidad alguna por los contenidos de alg\u00fan enlace perteneciente a un sitio web ajeno, ni garantizar\u00e1 la disponibilidad t\u00e9cnica, calidad fiabilidad, exactitud, amplitud, veracidad, validez y constitucionalidad de cualquier material o informaci\u00f3n contenida en alguno de dichos hiperv\u00ednculos u otros sitios de Internet. Igualmente, la inclusi\u00f3n de conexiones externas no implicar\u00e1 ning\u00fan tipo de asociaci\u00f3n, fusi\u00f3n o participaci\u00f3n con las entidades conectadas.<\/p>\n<h1>9. DERECHO DE EXCLUSI\u00d3N<\/h1>\n<p><strong>BARROCO 2006 S.L. <\/strong>se reserva el derecho a denegar o retirar el acceso al portal y\/o servicios ofrecidos sin necesidad de preaviso, a instancia propia o de un tercero, a aquellos usuarios que incumplan las presentes Condiciones Generales de Uso.<\/p>\n<h1>10. GENERALIDADES<\/h1>\n<p><strong>BARROCO 2006 S.L. <\/strong>perseguir\u00e1 el incumplimiento de las presentes condiciones, as\u00ed como cualquier utilizaci\u00f3n indebida de su portal ejerciendo todas las acciones civiles y penales que le puedan corresponder en derecho.<\/p>\n<h1>11. MODIFICACI\u00d3N DE LAS PRESENTES CONDICIONES Y DURACI\u00d3N<\/h1>\n<p><strong>BARROCO 2006 S.L. <\/strong>podr\u00e1 modificar en cualquier momento las condiciones aqu\u00ed determinadas, siendo debidamente publicadas como aqu\u00ed aparecen. La vigencia de las citadas condiciones ir\u00e1 en funci\u00f3n de su exposici\u00f3n y estar\u00e1n vigentes hasta que sean modificadas por otras debidamente publicadas.<\/p>\n<h1>12. LEGISLACI\u00d3N APLICABLE<\/h1>\n<p>La relaci\u00f3n entre <strong>BARROCO 2006 S.L. <\/strong>y el USUARIO se regir\u00e1 por la normativa espa\u00f1ola vigente y cualquier controversia se someter\u00e1 a los Juzgados y Tribunales de C. Madrid.<\/p>\n<p>&nbsp;<\/p>\n<h1><strong>CL\u00c1USULA DE PROTECCI\u00d3N DE DATOS DE CAR\u00c1CTER PERSONAL PARA CLIENTES DE BARROCO 2006, SL<\/strong><\/h1>\n<p>&nbsp;<\/p>\n<p><strong>BARROCO 2006 S.L., <\/strong>en adelante LA EMPRESA, le garantiza la protecci\u00f3n de todos los datos de car\u00e1cter personal facilitados y, en cumplimiento de los dispuesto el Reglamento Europeo de Protecci\u00f3n de datos (UE) 2016\/679 y restante normativa de aplicaci\u00f3n le informa que:<\/p>\n<ul>\n<li>Todos los datos de car\u00e1cter personal facilitados a la EMPRESA ser\u00e1n tratados por esta, de acuerdo con las prescripciones legales aplicables al respecto.<\/li>\n<\/ul>\n<ul>\n<li>Los datos son recabados para la prestaci\u00f3n de servicios, gesti\u00f3n administrativa y comercial, se conservar\u00e1n el plazo necesario para cumplir con las obligaciones legales.<\/li>\n<\/ul>\n<ul>\n<li>En la recogida y el tratamiento de los datos de car\u00e1cter personal se han adoptado las medidas de seguridad adecuadas para evitar la p\u00e9rdida, el acceso no autorizado o la manipulaci\u00f3n de los mismos, de acuerdo con lo establecido en el Real Decreto 1720\/2007, de 21 de diciembre.<\/li>\n<\/ul>\n<ul>\n<li>LA EMPRESA se compromete a proteger la informaci\u00f3n confidencial a la que tenga acceso.<\/li>\n<\/ul>\n<ul>\n<li>Los datos solo podr\u00e1n ser cedidos o comunicados en los supuestos previstos por la ley.<\/li>\n<\/ul>\n<ul>\n<li>LA EMPRESA no emplear\u00e1 en ning\u00fan caso los datos que usted ponga a su disposici\u00f3n para prestar servicios distintos a los referidos en el apartado anterior del presente documento a terceros o, en su caso, para lograr una utilidad propia.<\/li>\n<\/ul>\n<ul>\n<li>Usted podr\u00e1, en todo momento, ejercitar los derechos de portabilidad, oposici\u00f3n, limitaci\u00f3n, informaci\u00f3n, acceso, rectificaci\u00f3n, supresi\u00f3n y oposici\u00f3n dirigi\u00e9ndose mediante comunicaci\u00f3n escrita,C\/ GRANADA 22, 28914 LEGAN\u00c9S MADRID, o por correo electr\u00f3nico a la siguiente direcci\u00f3n: <a href=\"mailto:info@barroco2006.com%20\">info@barroco2006.com <\/a>\u00a0y al cual deber\u00e1 acompa\u00f1ar fotocopia de su DNI\/NIF o documento que acredite su identidad.<\/li>\n<\/ul>\n<p>&nbsp;<\/p>\n<p>[\/et_pb_text][\/et_pb_column][et_pb_column type=\u00bb2_5&#8243; _builder_version=\u00bb4.18.0&#8243; _module_preset=\u00bbdefault\u00bb global_colors_info=\u00bb{}\u00bb][et_pb_text _builder_version=\u00bb4.18.0&#8243; _module_preset=\u00bbdefault\u00bb background_color=\u00bb#FFFFFF\u00bb custom_padding=\u00bb30px|30px|30px|30px|true|true\u00bb hover_enabled=\u00bb0&#8243; global_colors_info=\u00bb{}\u00bb module_id=\u00bbcookies\u00bb sticky_enabled=\u00bb0&#8243;]<\/p>\n<h1><strong>COOKIES<\/strong><\/h1>\n<p><strong>\u00bfQu\u00e9 son las cookies?<\/strong><\/p>\n<p>Las cookies son peque\u00f1os archivos de texto que los sitios web instalan en el ordenador o dispositivo m\u00f3vil de los usuarios que los visitan.<\/p>\n<ul>\n<li>Las <strong>cookies de origen<\/strong> son aquellas que genera el sitio web que est\u00e1s visitando y que solo puede leer ese sitio web. Adem\u00e1s, un sitio web tambi\u00e9n puede utilizar servicios externos, que generan sus propias cookies: las <strong>cookies de terceros<\/strong>.<\/li>\n<li>Las cookies persistentes son las que se guardan en tu ordenador y no se eliminan autom\u00e1ticamente cuando sales del navegador (a diferencia de las cookies de sesi\u00f3n, que s\u00ed se eliminan al salir del navegador).<\/li>\n<\/ul>\n<p>Cada vez que visites nuestra website, se te pedir\u00e1 <strong>que aceptes o rechaces las cookies o las personalices<\/strong>.<\/p>\n<p>La finalidad es recordar tus preferencias (nombre de usuario, idioma, etc.) durante un per\u00edodo de tiempo determinado.<\/p>\n<p>As\u00ed, no tienes que volver a indicarlas al navegar por nuestras p\u00e1ginas durante una misma visita.<\/p>\n<p>Las cookies tambi\u00e9n pueden utilizarse para elaborar estad\u00edsticas anonimizadas sobre la experiencia de navegaci\u00f3n en nuestros sitios web, lo que no ocurre en nuestro caso.<\/p>\n<p><strong>\u00bfC\u00f3mo utilizamos las cookies?<\/strong><\/p>\n<p>Este siteweb no utiliza cookies para recoger informaci\u00f3n de las personas usuarias. \u00danicamente se utilizan cookies propias, de sesi\u00f3n, con finalidad t\u00e9cnica (aquellas que permiten a la persona usuaria\u00a0la navegaci\u00f3n a trav\u00e9s del sitio web y la utilizaci\u00f3n de las diferentes opciones y servicios que en ella existen).<\/p>\n<p>Si este portal contuviera enlaces a sitios web de terceros, cuyas pol\u00edticas de privacidad son ajenas a nosotros, al acceder a tales sitios web usted puede decidir si acepta sus pol\u00edticas de privacidad y de cookies. Con car\u00e1cter general, si navega por internet usted puede aceptar o rechazar las cookies de terceros desde las opciones de configuraci\u00f3n de su navegador.<\/p>\n<p>[\/et_pb_text][\/et_pb_column][\/et_pb_row][\/et_pb_section]<\/p>\n","protected":false},"excerpt":{"rendered":"<p>AVISO LEGAL Y CL\u00c1USULAS DE PRIVACIDAD 1. DATOS IDENTIFICATIVOS En cumplimiento con el deber de informaci\u00f3n recogido en el art\u00edculo 10 de la ley 34\/2002, del 11 de julio de servicios de la Sociedad de la Informaci\u00f3n y Comercio Electr\u00f3nico (LSSICE) se exponen a continuaci\u00f3n los datos identificativos de la empresa titular del dominio web, [&hellip;]<\/p>\n","protected":false},"author":1,"featured_media":0,"parent":0,"menu_order":0,"comment_status":"closed","ping_status":"closed","template":"","meta":{"_et_pb_use_builder":"on","_et_pb_old_content":"","_et_gb_content_width":"","footnotes":""},"class_list":["post-158","page","type-page","status-publish","hentry"],"yoast_head":"<!-- This site is optimized with the Yoast SEO plugin v27.1.1 - https:\/\/yoast.com\/product\/yoast-seo-wordpress\/ -->\n<title>PRIVACIDAD, LEGAL Y COOKIES - BARROCO 2006<\/title>\n<meta name=\"robots\" content=\"index, follow, max-snippet:-1, max-image-preview:large, max-video-preview:-1\" \/>\n<link rel=\"canonical\" href=\"https:\/\/barroco2006.com\/index.php\/privacidad-legal-y-cookies\/\" \/>\n<meta property=\"og:locale\" content=\"es_ES\" \/>\n<meta property=\"og:type\" content=\"article\" \/>\n<meta property=\"og:title\" content=\"PRIVACIDAD, LEGAL Y COOKIES - BARROCO 2006\" \/>\n<meta property=\"og:description\" content=\"AVISO LEGAL Y CL\u00c1USULAS DE PRIVACIDAD 1. DATOS IDENTIFICATIVOS En cumplimiento con el deber de informaci\u00f3n recogido en el art\u00edculo 10 de la ley 34\/2002, del 11 de julio de servicios de la Sociedad de la Informaci\u00f3n y Comercio Electr\u00f3nico (LSSICE) se exponen a continuaci\u00f3n los datos identificativos de la empresa titular del dominio web, [&hellip;]\" \/>\n<meta property=\"og:url\" content=\"https:\/\/barroco2006.com\/index.php\/privacidad-legal-y-cookies\/\" \/>\n<meta property=\"og:site_name\" content=\"BARROCO 2006\" \/>\n<meta property=\"article:modified_time\" content=\"2022-11-24T11:10:49+00:00\" \/>\n<meta name=\"twitter:card\" content=\"summary_large_image\" \/>\n<meta name=\"twitter:label1\" content=\"Tiempo de lectura\" \/>\n\t<meta name=\"twitter:data1\" content=\"10 minutos\" \/>\n<script type=\"application\/ld+json\" class=\"yoast-schema-graph\">{\"@context\":\"https:\/\/schema.org\",\"@graph\":[{\"@type\":\"WebPage\",\"@id\":\"https:\/\/barroco2006.com\/index.php\/privacidad-legal-y-cookies\/\",\"url\":\"https:\/\/barroco2006.com\/index.php\/privacidad-legal-y-cookies\/\",\"name\":\"PRIVACIDAD, LEGAL Y COOKIES - BARROCO 2006\",\"isPartOf\":{\"@id\":\"https:\/\/barroco2006.com\/#website\"},\"datePublished\":\"2022-11-24T10:09:11+00:00\",\"dateModified\":\"2022-11-24T11:10:49+00:00\",\"breadcrumb\":{\"@id\":\"https:\/\/barroco2006.com\/index.php\/privacidad-legal-y-cookies\/#breadcrumb\"},\"inLanguage\":\"es\",\"potentialAction\":[{\"@type\":\"ReadAction\",\"target\":[\"https:\/\/barroco2006.com\/index.php\/privacidad-legal-y-cookies\/\"]}]},{\"@type\":\"BreadcrumbList\",\"@id\":\"https:\/\/barroco2006.com\/index.php\/privacidad-legal-y-cookies\/#breadcrumb\",\"itemListElement\":[{\"@type\":\"ListItem\",\"position\":1,\"name\":\"Portada\",\"item\":\"https:\/\/barroco2006.com\/\"},{\"@type\":\"ListItem\",\"position\":2,\"name\":\"PRIVACIDAD, LEGAL Y COOKIES\"}]},{\"@type\":\"WebSite\",\"@id\":\"https:\/\/barroco2006.com\/#website\",\"url\":\"https:\/\/barroco2006.com\/\",\"name\":\"BARROCO 2006\",\"description\":\"Asesoramiento restauraci\u00f3n y franquicias\",\"publisher\":{\"@id\":\"https:\/\/barroco2006.com\/#organization\"},\"potentialAction\":[{\"@type\":\"SearchAction\",\"target\":{\"@type\":\"EntryPoint\",\"urlTemplate\":\"https:\/\/barroco2006.com\/?s={search_term_string}\"},\"query-input\":{\"@type\":\"PropertyValueSpecification\",\"valueRequired\":true,\"valueName\":\"search_term_string\"}}],\"inLanguage\":\"es\"},{\"@type\":\"Organization\",\"@id\":\"https:\/\/barroco2006.com\/#organization\",\"name\":\"BARROCO 2006\",\"url\":\"https:\/\/barroco2006.com\/\",\"logo\":{\"@type\":\"ImageObject\",\"inLanguage\":\"es\",\"@id\":\"https:\/\/barroco2006.com\/#\/schema\/logo\/image\/\",\"url\":\"https:\/\/barroco2006.com\/wp-content\/uploads\/2022\/08\/LOGO-BARROCOmanag-2006.png\",\"contentUrl\":\"https:\/\/barroco2006.com\/wp-content\/uploads\/2022\/08\/LOGO-BARROCOmanag-2006.png\",\"width\":500,\"height\":134,\"caption\":\"BARROCO 2006\"},\"image\":{\"@id\":\"https:\/\/barroco2006.com\/#\/schema\/logo\/image\/\"}}]}<\/script>\n<!-- \/ Yoast SEO plugin. -->","yoast_head_json":{"title":"PRIVACIDAD, LEGAL Y COOKIES - BARROCO 2006","robots":{"index":"index","follow":"follow","max-snippet":"max-snippet:-1","max-image-preview":"max-image-preview:large","max-video-preview":"max-video-preview:-1"},"canonical":"https:\/\/barroco2006.com\/index.php\/privacidad-legal-y-cookies\/","og_locale":"es_ES","og_type":"article","og_title":"PRIVACIDAD, LEGAL Y COOKIES - BARROCO 2006","og_description":"AVISO LEGAL Y CL\u00c1USULAS DE PRIVACIDAD 1. DATOS IDENTIFICATIVOS En cumplimiento con el deber de informaci\u00f3n recogido en el art\u00edculo 10 de la ley 34\/2002, del 11 de julio de servicios de la Sociedad de la Informaci\u00f3n y Comercio Electr\u00f3nico (LSSICE) se exponen a continuaci\u00f3n los datos identificativos de la empresa titular del dominio web, [&hellip;]","og_url":"https:\/\/barroco2006.com\/index.php\/privacidad-legal-y-cookies\/","og_site_name":"BARROCO 2006","article_modified_time":"2022-11-24T11:10:49+00:00","twitter_card":"summary_large_image","twitter_misc":{"Tiempo de lectura":"10 minutos"},"schema":{"@context":"https:\/\/schema.org","@graph":[{"@type":"WebPage","@id":"https:\/\/barroco2006.com\/index.php\/privacidad-legal-y-cookies\/","url":"https:\/\/barroco2006.com\/index.php\/privacidad-legal-y-cookies\/","name":"PRIVACIDAD, LEGAL Y COOKIES - BARROCO 2006","isPartOf":{"@id":"https:\/\/barroco2006.com\/#website"},"datePublished":"2022-11-24T10:09:11+00:00","dateModified":"2022-11-24T11:10:49+00:00","breadcrumb":{"@id":"https:\/\/barroco2006.com\/index.php\/privacidad-legal-y-cookies\/#breadcrumb"},"inLanguage":"es","potentialAction":[{"@type":"ReadAction","target":["https:\/\/barroco2006.com\/index.php\/privacidad-legal-y-cookies\/"]}]},{"@type":"BreadcrumbList","@id":"https:\/\/barroco2006.com\/index.php\/privacidad-legal-y-cookies\/#breadcrumb","itemListElement":[{"@type":"ListItem","position":1,"name":"Portada","item":"https:\/\/barroco2006.com\/"},{"@type":"ListItem","position":2,"name":"PRIVACIDAD, LEGAL Y COOKIES"}]},{"@type":"WebSite","@id":"https:\/\/barroco2006.com\/#website","url":"https:\/\/barroco2006.com\/","name":"BARROCO 2006","description":"Asesoramiento restauraci\u00f3n y franquicias","publisher":{"@id":"https:\/\/barroco2006.com\/#organization"},"potentialAction":[{"@type":"SearchAction","target":{"@type":"EntryPoint","urlTemplate":"https:\/\/barroco2006.com\/?s={search_term_string}"},"query-input":{"@type":"PropertyValueSpecification","valueRequired":true,"valueName":"search_term_string"}}],"inLanguage":"es"},{"@type":"Organization","@id":"https:\/\/barroco2006.com\/#organization","name":"BARROCO 2006","url":"https:\/\/barroco2006.com\/","logo":{"@type":"ImageObject","inLanguage":"es","@id":"https:\/\/barroco2006.com\/#\/schema\/logo\/image\/","url":"https:\/\/barroco2006.com\/wp-content\/uploads\/2022\/08\/LOGO-BARROCOmanag-2006.png","contentUrl":"https:\/\/barroco2006.com\/wp-content\/uploads\/2022\/08\/LOGO-BARROCOmanag-2006.png","width":500,"height":134,"caption":"BARROCO 2006"},"image":{"@id":"https:\/\/barroco2006.com\/#\/schema\/logo\/image\/"}}]}},"_links":{"self":[{"href":"https:\/\/barroco2006.com\/index.php\/wp-json\/wp\/v2\/pages\/158","targetHints":{"allow":["GET"]}}],"collection":[{"href":"https:\/\/barroco2006.com\/index.php\/wp-json\/wp\/v2\/pages"}],"about":[{"href":"https:\/\/barroco2006.com\/index.php\/wp-json\/wp\/v2\/types\/page"}],"author":[{"embeddable":true,"href":"https:\/\/barroco2006.com\/index.php\/wp-json\/wp\/v2\/users\/1"}],"replies":[{"embeddable":true,"href":"https:\/\/barroco2006.com\/index.php\/wp-json\/wp\/v2\/comments?post=158"}],"version-history":[{"count":13,"href":"https:\/\/barroco2006.com\/index.php\/wp-json\/wp\/v2\/pages\/158\/revisions"}],"predecessor-version":[{"id":181,"href":"https:\/\/barroco2006.com\/index.php\/wp-json\/wp\/v2\/pages\/158\/revisions\/181"}],"wp:attachment":[{"href":"https:\/\/barroco2006.com\/index.php\/wp-json\/wp\/v2\/media?parent=158"}],"curies":[{"name":"wp","href":"https:\/\/api.w.org\/{rel}","templated":true}]}}